{"id":2087,"date":"2024-12-27T20:33:35","date_gmt":"2024-12-27T20:33:35","guid":{"rendered":"https:\/\/figurasmagicas.com\/?page_id=2087"},"modified":"2024-12-27T22:27:20","modified_gmt":"2024-12-27T22:27:20","slug":"galeria-quarto-joao-ticao","status":"publish","type":"page","link":"https:\/\/figurasmagicas.com\/index.php\/galeria-quarto-joao-ticao\/","title":{"rendered":"Galeria &#8211; Quarto \u201cJo\u00e3o Ti\u00e7\u00e3o\u201d"},"content":{"rendered":"\n<figure class=\"wp-block-gallery has-nested-images columns-3 is-cropped wp-block-gallery-1 is-layout-flex wp-block-gallery-is-layout-flex\">\n<figure class=\"wp-block-image size-large\"><a href=\"https:\/\/figurasmagicas.com\/whatsapp-image-2024-12-23-at-18-40-22-1\/\"><img loading=\"lazy\" decoding=\"async\" width=\"768\" height=\"1024\" data-id=\"1876\" src=\"https:\/\/figurasmagicas.com\/wp-content\/uploads\/2024\/12\/WhatsApp-Image-2024-12-23-at-18.40.22-1-768x1024.jpeg\" alt=\"\" class=\"wp-image-1876\" srcset=\"https:\/\/figurasmagicas.com\/wp-content\/uploads\/2024\/12\/WhatsApp-Image-2024-12-23-at-18.40.22-1-768x1024.jpeg 768w, https:\/\/figurasmagicas.com\/wp-content\/uploads\/2024\/12\/WhatsApp-Image-2024-12-23-at-18.40.22-1-225x300.jpeg 225w, https:\/\/figurasmagicas.com\/wp-content\/uploads\/2024\/12\/WhatsApp-Image-2024-12-23-at-18.40.22-1-1152x1536.jpeg 1152w, https:\/\/figurasmagicas.com\/wp-content\/uploads\/2024\/12\/WhatsApp-Image-2024-12-23-at-18.40.22-1-1170x1560.jpeg 1170w, https:\/\/figurasmagicas.com\/wp-content\/uploads\/2024\/12\/WhatsApp-Image-2024-12-23-at-18.40.22-1.jpeg 1536w\" sizes=\"(max-width: 768px) 100vw, 768px\" \/><\/a><\/figure>\n\n\n\n<figure class=\"wp-block-image size-large\"><a href=\"https:\/\/figurasmagicas.com\/whatsapp-image-2024-12-23-at-18-40-21\/\"><img loading=\"lazy\" decoding=\"async\" width=\"768\" height=\"1024\" data-id=\"1875\" src=\"https:\/\/figurasmagicas.com\/wp-content\/uploads\/2024\/12\/WhatsApp-Image-2024-12-23-at-18.40.21-768x1024.jpeg\" alt=\"\" class=\"wp-image-1875\" srcset=\"https:\/\/figurasmagicas.com\/wp-content\/uploads\/2024\/12\/WhatsApp-Image-2024-12-23-at-18.40.21-768x1024.jpeg 768w, https:\/\/figurasmagicas.com\/wp-content\/uploads\/2024\/12\/WhatsApp-Image-2024-12-23-at-18.40.21-225x300.jpeg 225w, https:\/\/figurasmagicas.com\/wp-content\/uploads\/2024\/12\/WhatsApp-Image-2024-12-23-at-18.40.21-1152x1536.jpeg 1152w, https:\/\/figurasmagicas.com\/wp-content\/uploads\/2024\/12\/WhatsApp-Image-2024-12-23-at-18.40.21-1170x1560.jpeg 1170w, https:\/\/figurasmagicas.com\/wp-content\/uploads\/2024\/12\/WhatsApp-Image-2024-12-23-at-18.40.21.jpeg 1536w\" sizes=\"(max-width: 768px) 100vw, 768px\" \/><\/a><\/figure>\n\n\n\n<figure class=\"wp-block-image size-large\"><a href=\"https:\/\/figurasmagicas.com\/whatsapp-image-2024-12-23-at-18-40-21-1\/\"><img loading=\"lazy\" decoding=\"async\" width=\"768\" height=\"1024\" data-id=\"1874\" src=\"https:\/\/figurasmagicas.com\/wp-content\/uploads\/2024\/12\/WhatsApp-Image-2024-12-23-at-18.40.21-1-768x1024.jpeg\" alt=\"\" class=\"wp-image-1874\" srcset=\"https:\/\/figurasmagicas.com\/wp-content\/uploads\/2024\/12\/WhatsApp-Image-2024-12-23-at-18.40.21-1-768x1024.jpeg 768w, https:\/\/figurasmagicas.com\/wp-content\/uploads\/2024\/12\/WhatsApp-Image-2024-12-23-at-18.40.21-1-225x300.jpeg 225w, https:\/\/figurasmagicas.com\/wp-content\/uploads\/2024\/12\/WhatsApp-Image-2024-12-23-at-18.40.21-1-1152x1536.jpeg 1152w, https:\/\/figurasmagicas.com\/wp-content\/uploads\/2024\/12\/WhatsApp-Image-2024-12-23-at-18.40.21-1-1170x1560.jpeg 1170w, https:\/\/figurasmagicas.com\/wp-content\/uploads\/2024\/12\/WhatsApp-Image-2024-12-23-at-18.40.21-1.jpeg 1536w\" sizes=\"(max-width: 768px) 100vw, 768px\" \/><\/a><\/figure>\n\n\n\n<figure class=\"wp-block-image size-large\"><a href=\"https:\/\/figurasmagicas.com\/whatsapp-image-2024-12-23-at-18-40-20\/\"><img loading=\"lazy\" decoding=\"async\" width=\"768\" height=\"1024\" data-id=\"1873\" src=\"https:\/\/figurasmagicas.com\/wp-content\/uploads\/2024\/12\/WhatsApp-Image-2024-12-23-at-18.40.20-768x1024.jpeg\" alt=\"\" class=\"wp-image-1873\" srcset=\"https:\/\/figurasmagicas.com\/wp-content\/uploads\/2024\/12\/WhatsApp-Image-2024-12-23-at-18.40.20-768x1024.jpeg 768w, https:\/\/figurasmagicas.com\/wp-content\/uploads\/2024\/12\/WhatsApp-Image-2024-12-23-at-18.40.20-225x300.jpeg 225w, https:\/\/figurasmagicas.com\/wp-content\/uploads\/2024\/12\/WhatsApp-Image-2024-12-23-at-18.40.20-1152x1536.jpeg 1152w, https:\/\/figurasmagicas.com\/wp-content\/uploads\/2024\/12\/WhatsApp-Image-2024-12-23-at-18.40.20-1170x1560.jpeg 1170w, https:\/\/figurasmagicas.com\/wp-content\/uploads\/2024\/12\/WhatsApp-Image-2024-12-23-at-18.40.20.jpeg 1536w\" sizes=\"(max-width: 768px) 100vw, 768px\" \/><\/a><\/figure>\n\n\n\n<figure class=\"wp-block-image size-large\"><a href=\"https:\/\/figurasmagicas.com\/whatsapp-image-2024-12-23-at-18-40-23\/\"><img loading=\"lazy\" decoding=\"async\" width=\"768\" height=\"1024\" data-id=\"1878\" src=\"https:\/\/figurasmagicas.com\/wp-content\/uploads\/2024\/12\/WhatsApp-Image-2024-12-23-at-18.40.23-768x1024.jpeg\" alt=\"\" class=\"wp-image-1878\" srcset=\"https:\/\/figurasmagicas.com\/wp-content\/uploads\/2024\/12\/WhatsApp-Image-2024-12-23-at-18.40.23-768x1024.jpeg 768w, https:\/\/figurasmagicas.com\/wp-content\/uploads\/2024\/12\/WhatsApp-Image-2024-12-23-at-18.40.23-225x300.jpeg 225w, https:\/\/figurasmagicas.com\/wp-content\/uploads\/2024\/12\/WhatsApp-Image-2024-12-23-at-18.40.23-1152x1536.jpeg 1152w, https:\/\/figurasmagicas.com\/wp-content\/uploads\/2024\/12\/WhatsApp-Image-2024-12-23-at-18.40.23-1170x1560.jpeg 1170w, https:\/\/figurasmagicas.com\/wp-content\/uploads\/2024\/12\/WhatsApp-Image-2024-12-23-at-18.40.23.jpeg 1536w\" sizes=\"(max-width: 768px) 100vw, 768px\" \/><\/a><\/figure>\n<\/figure>\n","protected":false},"excerpt":{"rendered":"","protected":false},"author":1,"featured_media":0,"parent":0,"menu_order":0,"comment_status":"closed","ping_status":"closed","template":"","meta":{"om_disable_all_campaigns":false,"inline_featured_image":false,"_monsterinsights_skip_tracking":false,"_monsterinsights_sitenote_active":false,"_monsterinsights_sitenote_note":"","_monsterinsights_sitenote_category":0,"footnotes":""},"class_list":["post-2087","page","type-page","status-publish","hentry"],"aioseo_notices":[],"_links":{"self":[{"href":"https:\/\/figurasmagicas.com\/index.php\/wp-json\/wp\/v2\/pages\/2087"}],"collection":[{"href":"https:\/\/figurasmagicas.com\/index.php\/wp-json\/wp\/v2\/pages"}],"about":[{"href":"https:\/\/figurasmagicas.com\/index.php\/wp-json\/wp\/v2\/types\/page"}],"author":[{"embeddable":true,"href":"https:\/\/figurasmagicas.com\/index.php\/wp-json\/wp\/v2\/users\/1"}],"replies":[{"embeddable":true,"href":"https:\/\/figurasmagicas.com\/index.php\/wp-json\/wp\/v2\/comments?post=2087"}],"version-history":[{"count":2,"href":"https:\/\/figurasmagicas.com\/index.php\/wp-json\/wp\/v2\/pages\/2087\/revisions"}],"predecessor-version":[{"id":2130,"href":"https:\/\/figurasmagicas.com\/index.php\/wp-json\/wp\/v2\/pages\/2087\/revisions\/2130"}],"wp:attachment":[{"href":"https:\/\/figurasmagicas.com\/index.php\/wp-json\/wp\/v2\/media?parent=2087"}],"curies":[{"name":"wp","href":"https:\/\/api.w.org\/{rel}","templated":true}]}}